19?
9
What is the ten thousands digit of 15996428?
9
What is the hundreds digit of 179097?
0
What is the units digit of 26821164?
4
What is the units digit of 592282?
2
What is the tens digit of 12394562?
6
What is the units digit of 209319?
9
What is the thousands digit of 445131?
5
What is the units digit of 152031?
1
What is the hundred thousands digit of 1332892?
3
What is the ten thousands digit of 1728844?
2
What is the hundreds digit of 3466841?
8
What is the hundreds digit of 198691?
6
What is the millions digit of 5861287?
5
What is the units digit of 6030418?
8
What is the hundreds digit of 796146?
1
What is the hundreds digit of 4042817?
8
What is the units digit of 17434846?
6
What is the hundred thousands digit of 232882?
2
What is the hundreds digit of 1097638?
6
What is the tens digit of 2293008?
0
What is the hundreds digit of 10969955?
9
What is the thousands digit of 577082?
7
What is the hundreds digit of 173063?
0
What is the units digit of 3727425?
5
What is the thousands digit of 15896921?
6
What is the millions digit of 16451692?
6
What is the millions digit of 2642269?
2
What is the hundred thousands digit of 30851542?
8
What is the hundred thousands digit of 20580592?
5
What is the tens digit of 150055?
5
What is the tens digit of 644937?
3
What is the hundreds digit of 6545294?
2
What is the tens digit of 7118357?
5
What is the units digit of 86545?
5
What is the tens digit of 78356?
5
What is the hundreds digit of 3803511?
5
What is the tens digit of 2435489?
8
What is the hundreds digit of 585949?
9
What is the units digit of 308922?
2
What is the tens digit of 497116?
1
What is the units digit of 11300250?
0
What is the ten millions digit of 13543137?
1
What is the thousands digit of 69206?
9
What is the units digit of 483744?
4
What is the tens digit of 19508593?
9
What is the hundred thousands digit of 2175866?
1
What is the hundreds digit of 5946764?
7
What is the units digit of 1914960?
0
What is the millions digit of 34342426?
4
What is the thousands digit of 4982883?
2
What is the ten thousands digit of 6226758?
2
What is the ten thousands digit of 935646?
3
What is the hundreds digit of 14002000?
0
What is the ten thousands digit of 163551?
6
What is the tens digit of 550847?
4
What is the ten thousands digit of 194080?
9
What is the hundred thousands digit of 125839?
1
What is the thousands digit of 31633262?
3
What is the hundreds digit of 317378?
3
What is the ten thousands digit of 255209?
5
What is the tens digit of 158083?
8
What is the hundred thousands digit of 17478296?
4
What is the hundreds digit of 1495149?
1
What is the ten thousands digit of 4386397?
8
What is the units digit of 259601?
1
What is the tens digit of 219381?
8
What is the tens digit of 121570?
7
What is the thousands digit of 6123624?
3
What is the millions digit of 1698435?
1
What is the millions digit of 1026485?
1
What is the millions digit of 4262117?
4
What is the units digit of 279537?
7
What is the hundred thousands digit of 447408?
4
What is the hundreds digit of 86480?
4
What is the hundreds digit of 403486?
4
What is the thousands digit of 7470271?
0
What is the units digit of 897030?
0
What is the hundreds digit of 2686603?
6
What is the units digit of 1689457?
7
What is the hundreds digit of 14793?
7
What is the tens digit of 5691257?
5
What is the thousands digit of 9264632?
4
What is the tens digit of 41793?
9
What is the hundred thousands digit of 941002?
9
What is the thousands digit of 986067?
6
What is the thousands digit of 151272?
1
What is the hundred thousands digit of 228683?
2
What is the tens digit of 563910?
1
What is the millions digit of 3765086?
3
What is the ten thousands digit of 8486473?
8
What is the hundreds digit of 2358589?
5
What is the hundreds digit of 602930?
9
What is the hundred thousands digit of 2044798?
0
What is the units digit of 5139630?
0
What is the ten thousands digit of 4458953?
5
What is the ten thousands digit of 169821?
6
What is the tens digit of 2319543?
4
What is the hundreds digit of 16697517?
5
What is the hundred thousands digit of 318592?
3
What is the hundred thousands digit of 281551?
2
What is the tens digit of 257158?
5
What is the units digit of 105099?
9
What is the hundreds digit of 1594860?
8
What is the hundred thousands digit of 463250?
4
What is the tens digit of 927358?
5
What is the thousands digit of 261766?
1
What is the hundreds digit of 13179793?
7
What is the ten millions digit of 10933706?
1
What is the hundred thousands digit of 1462964?
4
What is the ten thousands digit of 19321793?
2
What is the units digit of 11038154?
4
What is the millions digit of 2592005?
2
What is the units digit of 72076?
6
What is the millions digit of 3049236?
3
What is the millions digit of 6974345?
6
What is the hundreds digit of 237112?
1
What is the units digit of 1491952?
2
What is the hundred thousands digit of 455840?
4
What is the thousands digit of 587667?
7
What is the thousands digit of 2882980?
2
What is the ten thousands digit of 123737?
2
What is the ten thousands digit of 615482?
1
What is the millions digit of 20918441?
0
What is the tens digit of 5654797?
9
What is the hundreds digit of 548927?
9
What is the hundreds digit of 208921?
9
What is the hundreds digit of 566170?
1
What is the thousands digit of 36751310?
1
What is the tens digit of 8967313?
1
What is the units digit of 3069648?
8
What is the thousands digit of 1590935?
0
What is the tens digit of 64477?
7
What is the tens digit of 2289841?
4
What is the hundreds digit of 182750?
7
What is the ten thousands digit of 3993150?
9
What is the tens digit of 265895?
9
What is the hundreds digit of 922416?
4
What is the tens digit of 12943256?
5
What is the tens digit of 1355943?
4
What is the hundreds digit of 122581?
5
What is the ten thousands digit of 27212617?
1
What is the units digit of 79406?
6
What is the units digit of 150641?
1
What is the tens digit of 681202?
0
What is the thousands digit of 371182?
1
What is the units digit of 4075507?
7
What is the ten millions digit of 21126709?
2
What is the units digit of 170344?
4
What is the thousands digit of 1177315?
7
What is the units digit of 10189597?
7
What is the hundreds digit of 53074?
0
What is the hundred thousands digit of 4170500?
1
What is the ten thousands digit of 3293362?
9
What is the thousands digit of 8119026?
9
What is the tens digit of 788756?
5
What is the hundred thousands digit of 1874638?
8
What is the millions digit of 5525837?
5
What is the tens digit of 131631?
3
What is the thousands digit of 567382?
7
What is the hundreds digit of 2630696?
6
What is the tens digit of 1835179?
7
What is the hundreds digit of 303371?
3
What is the units digit of 411224?
4
What is the hundreds digit of 284861?
8
What is the tens digit of 1736916?
1
What is the units digit of 685268?
8
What is the ten thousands digit of 651603?
5
What is the thousands digit of 188797?
8
What is the hundreds digit of 7676603?
6
What is the thousands digit of 7962201?
2
What is the millions digit of 2703444?
2
What is the ten thousands digit of 846841?
4
What is the hundreds digit of 4601995?
9
What is the tens digit of 3776380?
8
What is the hundreds digit of 12832786?
7
What is the ten thousands digit of 375635?
7
What is the hundreds digit of 5199035?
0
What is the units digit of 680818?
8
What is the ten thousands digit of 1766772?
6
What is the thousands digit of 136537?
6
What is the ten thousands digit of 1038260?
3
What is the thousands digit of 29213118?
3
What is the millions digit of 5016819?
5
What is the ten thousands digit of 28183690?
8
What is the thousands digit of 28652?
8
What is the thousands digit of 8130715?
0
What is the hundred thousands digit of 128856?
1
What is the hundred thousands digit of 4969796?
9
What is the tens digit of 31298?
9
What is the hundred thousands digit of 24142119?
1
What is the tens digit of 52886?
8
What is the tens digit of 456247?
4
What is the units digit of 140183?
3
What is the thousands digit of 596345?
6
What is the ten thousands digit of 593788?
9
What is the hundreds digit of 305104?
1
What is the units digit of 442395?
5
What is the thousands digit of 232454?
2
What is the thousands digit of 278